e (-9 - -12) + 3 + -11.
-5
-5 + 1 + 4 + (-8 - -7)
-1
What is -1 - (2 + 0 + 16 + -17)?
-2
Evaluate -6 + (-1 - 0 - (-9 - -3)).
-1
-2 - (-3 + (4 - 5))
2
What is the value of (-2 - 2) + (3 - 0) + 4?
3
Evaluate (-3 - (0 + -2)) + -4.
-5
-1 + (-6 - -7) + -1 + -1
-2
What is the value of -2 - -4 - (1 + -2 + 1)?
2
What is (-1 - 5) + (7 - 0)?
1
(-1 - 3) + 1 - (34 - 35)
-2
What is the value of 4 + 2 + (-15 - -12) - 12?
-9
What is (-2 - -2 - 8) + (0 - -3)?
-5
Evaluate -13 - -25 - (24 + -1).
-11
What is the value of 20 + -6 + -8 + (-12 - -2)?
-4
What is -7 - (-9 - -12 - 10)?
0
(13 - 9 - (1 - 1)) + -3
1
Calculate 2 + -4 - (-1 - -1).
-2
0 - (-10 - -1 - -8)
1
What is the value of -8 - (7 + -8) - (1 + -10)?
2
What is the value of -4 + 5 + 0 + -4?
-3
Evaluate 10 - (0 + (-2 - -6)) - 9.
-3
Calculate 1 - (1 + -5 - -10).
-5
Calculate (2 - 1) + 1 - (18 - 21).
5
What is 2 + (1 - (-3 - (-5 - 0)))?
1
Calculate 0 + -4 - (-11 + (3 - -7)).
-3
What is the value of 9 + -18 - -14 - (4 + 1)?
0
Evaluate (-1 - 3) + -22 + 25.
-1
What is 4 - (4 - 4) - 5?
-1
Calculate 4 + 1 + (3 - 2) + -3.
3
0 + -8 + 1 + 9
2
-1 - (-6 + 2) - (-82 + 88)
-3
Calculate (-6 - -5) + (5 - 0) + 0.
4
What is the value of -9 + -8 + (13 - 3)?
-7
What is the value of -1 + (-5 - 0) + 6 + -6?
-6
What is 4 - (6 - 4 - 1) - 2?
1
-4 + (-10 - -8 - -1)
-5
(-8 - (2 - 1)) + 1 - -3
-5
What is the value of -5 - (-1 + 4 + 3 + -6)?
-5
26 - 29 - (-2 - -1) - 1
-3
What is the value of (-2 - 3) + 0 + 2?
-3
Calculate 5 - (-3 - -2) - 2.
4
What is the value of -7 - (2 + -3 - 11)?
5
4 - (0 + (-5 + 4 - -6))
-1
Calculate (-1 - 1) + 3 - (-8 + 4).
5
What is (5 - (1 + 7)) + 4 + -5?
-4
Evaluate 13 - (-5 + 4 - -8) - -4.
10
Calculate 4 - (1 - 5 - -3).
5
-6 + 2 - ((-6 - -2) + -1)
1
-2 - -2 - -7 - (7 + 7)
-7
What is the value of -8 + 17 + -12 - -1?
-2
7 - (-4 + -4 + 20)
-5
Calculate (15 - 15) + (0 - -5).
5
(-8 - (7 + -9)) + -2
-8
Evaluate 11 + -8 + 2 + -6.
-1
Evaluate -5 + (-7 - -3) + 14 - 1.
4
Evaluate -8 - -2 - (-34 - -29).
-1
-2 + 0 - 2 - -2 - 2
-4
What is -13 + (-2 - -2 - -9)?
-4
What is (-1 - 2) + (-5 - -9) + -2?
-1
What is the value of 24 + -19 + 0 + -1?
4
Calculate 4 - 4 - (4 - 2 - -3).
-5
Calculate (-3 - 0) + (-6 - -11 - 4).
-2
What is (8 - 10) + 0 + 0 + -5?
-7
Evaluate ((1 - -1) + 7 - 1) + -3.
5
What is 2 + -25 + 30 + 1 + -4?
4
Calculate 1 + -11 + 41 + -28.
3
Calculate -30 + 25 + -2 + 10 - -1.
4
Calculate (-4 - -7 - -1) + -1.
3
Calculate -2 - 0 - (-1 - 1).
0
(-1 - -2 - 2) + (-35 - -33)
-3
What is the value of -5 + -2 + 0 + -1 + 1?
-7
What is the value of -1 - (-3 + 2) - -4?
4
Calculate 7 - 10 - 1 - (4 - 7).
-1
-1 - 1 - (5 - 3 - -1)
-5
What is the value of 1 - (-1 + -6 + 12)?
-4
(-1 - 3 - -9) + -1
4
What is the value of 2 - ((-6 - -4) + 0)?
4
Evaluate -7 + (-1 + 0 - -3) + 0.
-5
Evaluate 3 - 1 - (0 + -2).
4
Calculate -1 + (15 + -7 - 9).
-2
What is the value of 1 - 2 - (10 + -10)?
-1
Calculate -6 + 5 + -11 + 6 + 4.
-2
Evaluate -2 - (-4 - -5 - (1 + -3)).
-5
What is -2 + 2 + 4 + (-1 - 1)?
2
Evaluate -6 - ((0 - 4) + 2).
-4
Evaluate (2 - (0 + 0)) + -9.
-7
Calculate -3 - -5 - (-6 + 3 - -3).
2
-18 + 1 + (6 - 1) + 6
-6
What is the value of 5 + 7 + (-11 - -1)?
2
0 + (3 - (-3 + 2)) + -11
-7
4 - (-2 + -6 + 1 + 6)
5
Evaluate 3 - (10 - 0 - 2).
-5
What is the value of -3 + -3 + 13 + -7?
0
Evaluate (-18 - -8) + 4 + 0.
-6
What is the value of -7 + (-9 - -9 - -5)?
-2
What is -1 + (-2 - -1) - (-248 - -245)?
1
What is -8 - (1 + (0 - 11))?
2
-6 - -10 - (-2 + 2)
4
Calculate -13 - -7 - 1 - -9.
2
What is 106 + -101 - (-1 - -2)?
4
What is (11 - 1) + -40 + 36?
6
Evaluate 4 - (6 + (0 - 3)).
1
Evaluate -10 + 6 + (-9 - -12).
-1
Calculate (-4 - 4 - -7) + -1 + 5.
3
What is 7 + -14 - (-1 - 5)?
-1
What is -2 + -2 - (4 - 4)?
-4
Evaluate 2 - (0 - (5 + -6)).
1
(0 - 1) + (-25 - -22)
-4
Calculate 2 + 0 + 25 + -21.
6
What is the value of 8 + -11 + -4 + 2?
-5
What is the value of -7 + (15 + -7 - 4)?
-3
47 + -50 + 2 + 0
-1
Evaluate 9 - ((-7 - -7) + 3).
6
Evaluate 0 + (-1 - 5) + 2.
-4
Evaluate (-2 + 0 - 1) + 11 + -13.
-5
Calculate -1 + 6 + (0 - 14 - -4).
-5
What is the value of (-2 - 2) + -6 + (10 - 5)?
-5
What is 3 + -10 + 2 + (14 - 8)?
1
Evaluate -4 - -5 - (2 - -3).
-4
What is the value of (0 - (-1 - 3)) + (-2 - 2)?
0
What is the value of -3 + (-13 + 14 - -1)?
-1
3 - (-6 - -5 - (1 + -4))
1
Evaluate 5 - -9 - 5 - 10.
-1
What is (-5 - -2 - 1 - -5) + -3?
-2
What is the value of -3 + (0 - 4) + 4?
-3
Evaluate 2 - (-1 + 4 - 4).
3
(-2 - 3) + 4 - -2
1
What is 1 - ((-3 - 4) + 4) - -1?
5
What is the value of 6 + 0 + -2 - (-5 - -14)?
-5
What is the value of -3 - -4 - (-5 - -2) - 0?
4
(-3 - -1) + (4 - (11 + -4))
-5
Calculate 0 + (1 - (-4 + 0 - -6)).
-1
What is -3 + -4 + 2 - 0?
-5
What is -11 + 11 + -3 + 6?
3
What is 10 + (-8 - -14 - 10)?
6
What is 7 - (-3 - -7 - -7)?
-4
(6 - (1 + 2)) + -8
-5
What is -2 - -1 - (-9 + 7)?
1
What is the value of 2 - (0 - (0 + -3))?
-1
Calculate 12 - 17 - (-2 + -3).
0
Calculate -3 + -2 + (5 - (-4 + 8)).
-4
Calculate -7 + 1 + (159 - 159).
-6
Calculate (-2 - -4) + -4 + -1.
-3
What is the value of (-6 - -4) + -2 + 1 + 2?
-1
Calculate -2 + (1 + 2 - 3).
-2
Calculate 3 + (-9 - -2) + 11.
7
What is the value of 3 + -8 - (1 + -3)?
-3
-6 + 0 - (16 + 1 - 20)
-3
What is the value of -9 + 12 - (-1 + -2)?
6
What is -1 - (-1 - -10 - 8)?
-2
Evaluate -2 - ((-2 - 1) + -3).
4
3 + (5 + -3 + -4 - -2)
3
Calculate -3 - (8 + -12 - -9) - -2.
-6
0 + (-16 - -8) + 1
-7
Calculate 39 - 35 - (1 - (-13 + 2)).
-8
What is the value of 1 + -4 - (-3 + 1)?
-1
Calculate 4 + (-1 - (-9 + 13)).
-1
What is 3 - 11 - (-6 + 3)?
-5
Calculate 1 + -3 + (4 + -7 - -9).
4
Calculate (3 - (-1 + (-3 - -7))) + -5.
-5
3 + (0 - 1) + 16 + -22
-4
1 - 2 - (-12 + 10)
1
Calculate 4 - (-3 + (5 - 2) + 3).
1
0 - (-8 + (3 - -2)) - -3
6
What is 2 + 2 + (0 - -2 - 1)?
5
What is 5 + (-6 - (-1 - 1)) + 3?
4
Calculate 7 + 1 + -7 - 7.
-6
What is the value of -2 - (-1 - (-1 + 0 + -1))?
-3
Evaluate -6 + -7 + 12 + 0.
-1
Calculate 1 + (0 - (-1 - -4)).
-2
Calculate 10 + (-15 - -8) - (-2 - -11).
-6
What is the value of 7 - (3 - -1) - (-1 + -1)?
5
What is 1 + 0 + 0 + 3?
4
What is the value of -2 + 2 + -8 + 7 + 2?
1
What is the value of -3 + 3 - (6 - 8)?
2
(-18 - -14) + (-1 - (-3 + 0))
-2
Evaluate -10 - (-1 + -5 + 1) - -4.
-1
What is the value of -2 + -2 + (5 + 0 - 2)?
-1
Calculate 0 + ((-1 - -2) + 0 - -3).
4
What is (-2 - -5) + -1 + -2?
0
Calculate 8 + (-6 - 3 - -5) + 0.
4
What is 3 + (26 - 26) + (-1 - 4)?
-2
Calculate (-12 - (-7 + (-4 - -5))) + 3.
-3
What is -2 - (-11 - (-3 + -3))?
3
(13 - 25 - -12) + 6 + -1
5
What is 1 - 9 - (-112 + 98)?
6
(-1 - 0 - -5) + 0
4
Calculate 3 - (1 - (-7 + 5 - -5)).
5
6 - (-2 + 5 + (0 - -1))
2
What is the value of 3 + -2 + 2 + -5?
-2
What is the value of -9 - -19 - (-2 + 7)?
5
Evaluate -3 + 2 + (-3 - -5).
1
-12 - -12 - (4 + 0)
-4
12 - 13 - (0 - -4)
-5
(2 - 2) + -8 + 4 + 5
1
Evaluate (1 - 1) + (25 - 24).
1
What is (7 - (16 + -15)) + -1 + -3?
2
Evaluate -2 - (11 + -16) - 7.
-4
Evaluate 5 - (-7 - 0 - (-6 - 7)).
-1
-2 + ((0 - 2) + 5 - -1)
2
(2 - (4 + -7)) + -6
-1
Evaluate -2 + -2 + (-6 + 9 - 1).
-2
What is the value of -1 + 1 + (11 - 23 - -10)?
-2
What is the value of (-3 - (1 - (-4 - -5))) + 2?
-1
What is the value of -2 - (-1 - 0) - (-1 + -1)?
1
-2 + -1 + (9 - 7)
-1
Evaluate 11 - 11 - 4 - (-1 - -3).
-6
What is -5 + (-2 - (0 - (0 - -2)))?
-5
Evaluate (5 - 6) + 3 + -6.
-4
What is -2 + -4 + 6 + -3 + -1?
-4
Calculate -4 + (0 - -5) + -6.
-5
Calculate (-4 + 3 + 0 - -3) + -2.
0
What is (0 + -6 - -3) + 6?
3
Calculate 1 + -3 - ((1 - -4) + -11).
4
Calculate 0 - -1 - (4 + 20 + -18).
-5
4 + (0 - (4 - 0)) + 2
2
Calculate 2 + 0 + -1 + (-17 - -16).
0
Evaluate -1 + 1 + 2 + (7 - 4).
5
Calculate -1 + (-4 - (-2 - -1)) + 5.
1
-1 - (6 + -2 - 3) - -6
4
What is the value of 2 - ((-2 - 2) + 1)?
5
-4 + -4 + -2 + 14
4
(-2 - -12) + (5 - 13)
2
Evaluate -5 + (-1 - (5 + -1 - 11)).
1
What is 3 + (0 - (-2 - 3 - -4))?
4
What is the value of -2 + (-4 - 0 - (5 + -12))?
1
(-1 - -8) + 0 + (-6 - -4)
5
Evaluate 4 + -1 + -2 + 2.
3
Calculate -3 + 2 + -1 - (2 - -1).
-5
2 - -4 - (0 - -5)
1
What is the value of (8 - (-9 - -24)) + 2?
-5
-30 + 14 - -17 - (-6 - -1)
6
1 - -6 - (7 - 0)
0
What is (-6 - -2) + (3 - -1)?
0
Evaluate 0 + (-5 - (-1 + -10 - -1)).
5
What is the value of -8 + 9 + -2 + -1 - -3?
1
(2 - -11) + (-12 - -2)
3
-7 - 0 - (-22 - -19)
-4
Wh